t y(z) = -36370*z - 3346034. Determine y(-92).
6
Let d(x) = -97*x + 7020. Determine d(57).
1491
Let w(i) = 32125*i + 4336881. What is w(-135)?
6
Let v(p) = 8*p**3 + 32*p**2 + 60*p + 33. What is v(-3)?
-75
Let d(j) = 12*j**2 - 1795*j + 4532. What is d(147)?
-25
Let x(r) = r**2 + 149*r - 1459. Determine x(-158).
-37
Let u(o) = 3*o**3 + 36*o**2 - 214*o - 2544. Give u(-13).
-269
Let n(k) = 2*k**2 - 901*k + 58990. Determine n(371).
1
Let c(h) = 2*h**2 + 1056*h + 8. Give c(0).
8
Let g(d) = -2*d**3 - 28*d**2 + 118*d + 395. Calculate g(-20).
2835
Let u(h) = 84*h**2 + 483*h + 403. What is u(-1)?
4
Let b(n) = -35*n**2 + 969*n + 1331. What is b(29)?
-3
Let d(u) = -301*u + 3228. Give d(10).
218
Let j(q) = 26*q**2 - 1660*q + 213. Calculate j(64).
469
Let q(z) = 33*z**2 - 3785*z - 1169. What is q(115)?
-19
Let n(k) = 3*k**2 + 4225*k - 8466. Calculate n(2).
-4
Let i(j) = -3*j**3 - 861*j**2 - 3*j - 876. Determine i(-287).
-15
Let o(i) = 7*i**2 - 10231*i - 377387. What is o(-36)?
1
Let w(t) = -1648*t + 6900. Give w(2).
3604
Let q(f) = -646*f - 283311. Give q(-440).
929
Let i(q) = -90*q**2 + 326*q + 515. Determine i(5).
-105
Let t(x) = 525*x + 18307. What is t(-35)?
-68
Let j(m) = 45*m**2 - 7303*m + 21902. Determine j(3).
398
Let f(g) = -88876*g - 533561. Give f(-6).
-305
Let c(l) = l**2 + 1101*l + 66809. Determine c(-66).
-1501
Let q(s) = 2958*s - 20626. What is q(7)?
80
Let l(a) = a**2 + 22836*a - 342761. Calculate l(15).
4
Let h(j) = -9*j**2 + 26*j + 347. What is h(-8)?
-437
Let s(w) = w**2 - 1135*w + 91925. What is s(87)?
749
Let b(z) = 16051*z - 6243868. What is b(389)?
-29
Let q(h) = -695*h - 22723. Calculate q(-36).
2297
Let t(g) = 70960*g + 212864. Calculate t(-3).
-16
Let v(f) = 5*f**2 - 92*f + 10. Give v(21).
283
Let u(w) = -w**3 - 89*w**2 + 140*w + 4535. What is u(-90)?
35
Let i(x) = -18*x**3 - 170*x**2 - 302*x + 36. Determine i(-7).
-6
Let q(t) = 63455*t - 888310. Determine q(14).
60
Let h(b) = 102461*b - 1127066. Calculate h(11).
5
Let x(l) = -l**2 + 3590035*l + 21540244. Calculate x(-6).
-2
Let s(d) = 1698*d - 5064. Determine s(3).
30
Let o(c) = 673*c - 61879. Calculate o(92).
37
Let t(w) = -18147*w - 580660. Give t(-32).
44
Let t(l) = 4*l**2 - 24*l - 280. What is t(12)?
8
Let r(j) = -j**3 + 7*j**2 - 139*j + 1186. Calculate r(8).
10
Let i(k) = -26894*k - 214. Determine i(0).
-214
Let n(a) = 2*a**2 + 92*a - 1056. Give n(-61).
774
Let d(a) = 2*a**3 + 21*a**2 + 34*a + 395. Determine d(-12).
-445
Let m(y) = 2*y**3 + 321*y**2 + 1097*y - 355. Determine m(-157).
-41
Let p(c) = 3*c**2 - 619*c + 22959. Determine p(37).
4163
Let r(m) = -157*m - 16462. Give r(-96).
-1390
Let t(g) = 978*g - 650. Calculate t(0).
-650
Let v(j) = 25*j**2 - 101*j - 1887. Calculate v(11).
27
Let y(v) = 16*v**3 + 327*v**2 - 1431*v - 1531. Give y(-24).
-19
Let u(p) = 26353*p - 764238. Calculate u(29).
-1
Let r(q) = -60*q**2 - 27731*q - 5076. Give r(-462).
6
Let q(o) = 68231*o - 272630. Determine q(4).
294
Let o(w) = -w**3 + 118*w**2 + 27524*w + 3414. Give o(-117).
21
Let b(h) = -771*h - 47160. Determine b(-61).
-129
Let p(f) = -3*f**2 + 9700*f - 38644. Determine p(4).
108
Let a(t) = 1811*t + 39462. Give a(-22).
-380
Let k(r) = -18*r**3 + 114*r**2 + 3746*r - 22701. What is k(6)?
-9
Let f(s) = -41*s**2 - 250*s + 2556. Give f(10).
-4044
Let z(i) = 1537969*i - 12303752. What is z(8)?
0
Let c(q) = 211*q + 525. Calculate c(-13).
-2218
Let p(n) = -295266*n - 5019521. Give p(-17).
1
Let z(o) = 2*o**3 - 405*o**2 + 19914*o - 506. What is z(84)?
-2
Let q(t) = -2011*t - 20599. Calculate q(-10).
-489
Let p(m) = 25*m**3 + 50*m**2 + 10*m + 246. Calculate p(-3).
-9
Let r(i) = 16*i**2 - 982*i - 23. Calculate r(61).
-389
Let t(v) = -2*v**2 - 53*v - 102. Give t(-2).
-4
Let i(m) = m**3 + 26*m**2 + 52*m - 462. Calculate i(-23).
-71
Let h(v) = 44*v**2 + 271*v + 353. Calculate h(-5).
98
Let q(h) = -131*h + 17169. Give q(139).
-1040
Let c(t) = -t**3 - 184*t**2 + 7168*t - 235. Give c(33).
-4
Let u(r) = -2776*r + 38914. Determine u(14).
50
Let r(g) = -7*g**3 - 57*g**2 - 156*g - 95. Determine r(-2).
45
Let m(b) = -558*b - 71307. Give m(-128).
117
Let k(h) = 24*h**2 - 593*h - 73. Calculate k(25).
102
Let m(q) = -47*q**2 - 641*q - 85. Determine m(-14).
-323
Let t(v) = -22*v**3 - 918*v**2 - 659*v - 123. What is t(-41)?
0
Let r(q) = q**3 - 66*q**2 - 38*q - 133. Give r(67).
1810
Let p(l) = 121997*l + 731988. What is p(-6)?
6
Let o(s) = 789*s - 206753. Give o(262).
-35
Let h(d) = d**2 - 355*d + 30891. Calculate h(146).
377
Let n(y) = -622*y + 764. Give n(2).
-480
Let h(y) = -y**3 - 95*y**2 - 833*y + 1245. Give h(-85).
-200
Let r(v) = 651*v + 216773. What is r(-333)?
-10
Let d(v) = -148*v**2 + 11*v + 32. Give d(-2).
-582
Let d(w) = 2*w**2 + 2554*w + 805438. Calculate d(-709).
14
Let a(y) = 42287*y - 42229. Give a(1).
58
Let o(k) = -23*k**2 + 174*k + 811. Give o(-5).
-634
Let y(s) = 4941*s + 14831. Give y(-3).
8
Let b(g) = 24389*g - 1828902. Calculate b(75).
273
Let g(c) = 1381*c - 552383. Determine g(400).
17
Let g(j) = -92*j + 134. Calculate g(0).
134
Let t(b) = -b**3 - 4*b**2 + 33*b - 310. Calculate t(-14).
1188
Let s(o) = -o**2 - 314*o - 22880. Give s(-115).
5
Let t(a) = -a**2 + 682*a - 15254. Determine t(22).
-734
Let i(u) = 3*u**2 + 1907*u - 25280. What is i(13)?
18
Let a(t) = 2*t**3 + 272*t**2 + 531*t - 923. Determine a(-134).
-253
Let k(f) = -f**3 - 75*f**2 + 3291*f - 199. Calculate k(31).
-44
Let u(w) = -w**3 - 440*w**2 + 11632*w + 3248. Determine u(-465).
-7
Let h(c) = -6*c**3 + 585*c**2 - 1418*c - 26. What is h(95)?
639
Let t(r) = -4*r**2 - 48*r + 707. Give t(13).
-593
Let p(s) = -s**2 - 64*s - 320. What is p(-59)?
-25
Let t(m) = -5*m**3 - 97*m**2 + 219*m - 149. Give t(-21).
-1220
Let i(r) = 40*r**3 + 15*r**2 - 36*r - 51. Give i(-1).
-40
Let q(d) = -2280*d + 146673. Give q(64).
753
Let p(y) = 2*y**3 - 83*y**2 - 52*y + 282. Give p(42).
-138
Let z(d) = 153*d + 185. Determine z(20).
3245
Let k(u) = -13*u**2 + 2393*u + 9596. Determine k(188).
8
Let f(u) = -45422*u + 1816869. Give f(40).
-11
Let p(l) = -132*l - 1909. Give p(-19).
599
Let y(k) = k**3 - 117*k**2 + 1078*k - 1417. Give y(107).
-561
Let z(b) = b**3 + 21*b**2 + 140*b + 698. What is z(-17)?
-526
Let p(x) = 896*x**2 + 17032*x + 27. What is p(-19)?
-125
Let s(v) = v**2 - 80*v + 28. What is s(69)?
-731
Let o(n) = -196615*n + 3932302. Give o(20).
2
Let h(y) = y**3 - 10*y**2 + 78404*y - 862568. What is h(11)?
-3
Let f(x) = 48*x**2 - 4621*x + 5734. Determine f(95).
-61
Let a(q) = 2858*q + 5610. Determine a(-2).
-106
Let k(m) = 163242*m - 19262553. What is k(118)?
3
Let l(r) = r**2 - 393*r - 39656. Calculate l(-83).
-148
Let j(h) = 2490*h - 1885014. Give j(757).
-84
Let z(y) = -2*y**2 + 43*y + 1222. What is z(-17)?
-87
Let f(q) = 178*q**2 - 665*q + 169. What is f(5)?
1294
Let s(z) = -3*z**2 + 42*z - 580. Determine s(17).
-733
Let j(u) = -207824*u + 623472. Calculate j(3).
0
Let t(z) = 48*z**2 + 5279*z - 86. Determine t(-110).
24
Let t(x) = 71*x**2 + 1783*x + 197. What is t(-25)?
-3
Let h(l) = 1060*l + 19106. What is h(-18)?
26
Let g(w) = -w**3 - 42*w**2 + 205*w + 6983. What is g(-43)?
17
Let u(o) = 25*o**3 - 9*o + 95. Give u(0).
95
Let t(w) = 55*w**2 - 218*w - 112. Calculate t(3).
-271
Let h(n) = n**3 + 50*n**2 - 1467*n - 573. What is h(21)?
-69
Let x(t) = 8581*t + 189016. Determine x(-22).
234
Let v(a) = 5552*a**2 - 22168*a - 154. Determine v(4).
6
Let x(p) = 22361*p + 18336021. Calculate x(-820).
1
Let t(z) = 13*z**3 + 2120*z**2 + 187*z + 3925. Calculate t(-163).
13
Let i(x) = 3989*x - 163634. Calculate i(41).
-85
Let f(o) = 2*o**3 + 89*o**2 + 110*o - 419. Give f(-43).
398
Let m(s) = -192*s - 5437. What is m(-28)?
-61
Let i(x) = 88343*x - 265044. Give i(3).
-15
Let q(k) = -k**2 - 8935*k + 206041. Calculate q(23).
7
Let v(r) = 182*r - 3591. Determine v(19).
-133
Let f(n) = -2*n**3 + 93*n**2 + 257*n - 186. Give f(49).
402
Let c(l) = -1860*l + 95512. Calculate c(51).
652
Let i(o) = 776*o**2 - 109426*o + 1409. Calculate i(141).
-1
Let i(j) = -440*j - 14741. Calculate i(-34).
219
Let o(g) = -25*g**2 - 518*g + 3061. What is o(6)?
-947
Let g(b) = -7*b**2 - 223*b - 140. What is g(-31)?
46
Let u(k) = -7*k**3 - 926*k**2 - 264*k + 104. What is u(-132)?
104
Let h(p) = -70*p**2 - 25*p - 101. Give h(-5).
-1726
Let n(t) = 1413*t**2 - 31087*t + 26. Give n(22).
4
Let 